hat is the tens digit of y?
6
Let t be ((-6)/(-10))/(2/30) - -2. Suppose t*m - 12*m = -86. What is the units digit of m?
6
Suppose 0 = 19*q - 73*q + 18630. What is the tens digit of q?
4
Let x(r) = 2*r**2 - 37*r + 1. Let s(b) = b**2 - 18*b. Let t(l) = -5*s(l) + 2*x(l). What is the units digit of t(6)?
2
Suppose -5*d = -5*k + 25, d - 5 = -3*k + 2*k. Suppose -2*n + n = -k*p + 62, 19 = p + 2*n. What is the tens digit of p?
1
Let a = -2062 - -3057. What is the hundreds digit of a?
9
Suppose 0*a = -4*p - 4*a + 24, 4*p - 5*a = 51. What is the tens digit of p/2*84/9?
4
Suppose 21*p = 56*p - 875. What is the tens digit of p?
2
Suppose -2*c = -c - 188. Let b(x) = x**2 + 3*x + 15. Let z be b(-5). Suppose -c = -5*d - 3*o + 2*o, d = 4*o + z. What is the units digit of d?
7
Let n be ((-2)/(-3))/(-1)*-3. Suppose -n*y + 0*y = -4. Suppose 0 = -y*u + 4*u - 32. What is the units digit of u?
6
Suppose -359 = 3*b - 1334. What is the hundreds digit of (12 - 4) + -4 - b*-1?
3
Let h be 4/(-6) + (-404)/(-12). Let m = h + -28. Suppose 3*c - 153 = -3*a, m*c + 6*a = 3*a + 257. What is the tens digit of c?
5
Let o be -3 + -1 + 7/(14/24). What is the tens digit of ((-5680)/(-36))/1 + o/36?
5
Let z = -29 - -23. Let b(y) = y**2 + 7*y - 6. Let r be b(z). Let h = r - -18. What is the units digit of h?
6
Let c(z) be the second derivative of z**3/2 - 7*z**2/2 + 4*z. What is the units digit of c(3)?
2
Suppose 5*k = 4*w - 35, -5*w - k + 19 = k. Suppose p + m = -3*m - 7, -w*m - 10 = p. Let a(l) = 5*l - 5. What is the units digit of a(p)?
0
Let t be (-2 + -2 + 4)/1. Suppose 3*w + t*w - 42 = 0. Suppose -m = -0*m - w. What is the units digit of m?
4
Let z = 34 - 19. What is the units digit of (-10)/2*(-6)/z?
2
What is the hundreds digit of (-29096)/(-50) - 18/(-225)?
5
Suppose -5*x - 109 - 76 = 0. Let g = 55 + x. What is the tens digit of g?
1
Let x(h) = 33*h**2 + 5*h + 44. What is the units digit of x(-4)?
2
Let x(a) = -842*a + 5. What is the tens digit of x(-1)?
4
Let m be ((-450)/(-7))/(9/84). Suppose 2*a + 115 = -z, 5*z + 4*a + m = -a. What is the tens digit of (-24)/10*z/10?
3
Let a(g) = g**3 + 4*g**2 - g + 4. Let q(i) = -i**2 - 4. Let l(k) = k**2 - 10*k + 9. Let u be l(9). Let y be q(u). What is the units digit of a(y)?
8
Suppose 0 = -5*j + 7 + 3. Suppose -z + 4*f + 7 = 0, -3*f = j*z - 3 - 0. Suppose 4*k + 13 = c - 5, -z*c + 94 = -2*k. What is the tens digit of c?
3
What is the thousands digit of ((-425952)/17)/(-12) - (-2)/1?
2
Suppose 0 = q + 4*q - 5*v - 160, 4*v = -3*q + 96. Suppose -31*s = -q*s + 22. Suppose 2*g + 5*c = c + 34, 2*g - 2*c - s = 0. What is the tens digit of g?
1
Suppose 19*l - 10 = 18*l. What is the tens digit of l/3*(-210)/(-20)?
3
Suppose -3*i - 1502 = -3*x - 386, 2*x = 5*i + 759. What is the tens digit of x?
6
Let t(u) = u**2 + 12*u + 51. What is the tens digit of t(-18)?
5
Let m be (-9284)/(-55) - (-1)/5. Let s = m - 19. Suppose -s = 2*o - 7*o. What is the tens digit of o?
3
Let v(b) = 21*b**3 + 4*b**2 - 5*b - 3. What is the units digit of v(3)?
5
Let f(v) be the third derivative of -v**6/120 + v**5/30 + 5*v**4/24 - 2*v**3/3 + 2*v**2. Let y = 31 + -28. What is the units digit of f(y)?
2
Let c(r) = 8*r - 38. Let a be c(5). Let n(m) = -5*m**3 - 3*m**2 - 2*m - 2. Let k be n(-2). Suppose a*v = 94 - k. What is the units digit of v?
2
Suppose -33 - 72 = 3*n. Let w = -49 - n. Let t = 34 - w. What is the units digit of t?
8
Let l be 1 - 1/(5/85). Let u = 18 + l. Suppose u*j + 222 = 8*j. What is the units digit of j?
7
Suppose 4*j + 5*t = 2278 - 326, 0 = 2*j + t - 982. What is the hundreds digit of j?
4
Let i(q) = q**2 - 6*q + 11. What is the hundreds digit of i(-9)?
1
Suppose -4*b = 3*n - 20, 5*b - n - 8 = -2. Suppose -28 = b*r - 324. What is the units digit of r?
8
Let q = 21 - 17. Suppose 5*o = -q*o + 801. What is the units digit of o?
9
Let m be -8*(44/(-8) - -3). Suppose p - m = -2*c - 3*c, c = 2*p - 29. Suppose 0 = -2*s + p + 51. What is the tens digit of s?
3
Suppose -4*z + 4*c + 11 + 5 = 0, 3*z = -c + 4. Suppose 0 = -4*d - z*k + 184, 2*d - 112 = -0*d + 4*k. What is the tens digit of (d - 1 - -1) + -2?
4
Suppose 5*o = -5*l + 9930, 2893 + 5051 = 4*l - 3*o. What is the tens digit of l?
8
Let m(k) be the third derivative of k**5/60 + 25*k**2. Suppose -3*q - 36 = -4*n - 9, 3*n + q = 17. What is the tens digit of m(n)?
3
Suppose 2*q + 7*a - 11288 = 0, 0*q - 4*a - 5644 = -q. What is the hundreds digit of q?
6
Let w(b) = -8*b + 55. Let p be w(7). What is the tens digit of p/8 + (-4242)/(-16)?
6
Let x(b) = b + 20. Suppose 0 = f - 2*m - 7 + 1, -2*f = 4*m - 4. Suppose -f*u + 0*u - 48 = 0. What is the units digit of x(u)?
8
Let j(y) = -3*y + 16. Let b be j(4). Let s(f) = 3*f + 19. What is the units digit of s(b)?
1
Let o(r) = 4*r**2 - 3*r**2 + 11 - 2*r - 2*r - 2. Let k be o(6). What is the units digit of (-331)/(-7) + (-6)/k?
7
Suppose 0 = 5*d - 4*p - 6665, -1511 = 5*d - 5*p - 8181. What is the thousands digit of d?
1
Suppose 0 = -3*y - 4*h + 1172 + 1910, -5*y = -h - 5129. What is the tens digit of y?
2
Suppose 0 = -5*b + 1252 + 818. What is the units digit of b?
4
Let c(n) = 8*n**2 + 2*n + 6. Suppose -3*b + 8 = -p + b, -4*p + 7 = -3*b. Suppose 0 = -g + p*q - 23, -2*g + 2*q - 7 = 9. What is the tens digit of c(g)?
7
Suppose -21 = -3*a - 0. Let m = -4 + a. Suppose -m*w - w = -108. What is the tens digit of w?
2
Let v = 3538 + -2384. What is the units digit of v?
4
Let w(j) = -j**3 - 4*j**2 + j - 9. Let v be w(-7). Suppose 0 = 5*t - v - 389. What is the tens digit of t?
0
Suppose 17796 = 15*z - 7044. What is the hundreds digit of z?
6
Let i(y) = 9*y - 8. Let k = -61 + 74. What is the tens digit of i(k)?
0
Let l = -959 - -4058. What is the units digit of l?
9
Let i = -1686 - -2588. What is the hundreds digit of i?
9
Let f be ((-14)/(-6))/((-7)/(-945)). Suppose -f = -4*c - c. What is the units digit of c?
3
Suppose 0 = h + 1 - 2. Let w be h*2/14*7. Suppose -61 + w = -3*y. What is the units digit of y?
0
Suppose 4*h = 4*k - 120, -3*k = -h + 3 - 101. Suppose -5*m + 132 = 3*a, -a - 3*m + k = 2*m. What is the tens digit of a?
4
Suppose -4*b + 680 = -136. What is the tens digit of -1*(-2)/(8/b)?
5
Let f = -4652 - -7419. What is the hundreds digit of f?
7
Let g(m) = -120*m - 310. What is the units digit of g(-37)?
0
Suppose 19253 + 12211 = 8*j. What is the tens digit of j?
3
Let o = -78 - -60. Let q(k) = -k**2 - 3*k + 6. Let f be q(-6). Let r = f - o. What is the units digit of r?
6
Suppose -2*y + 57 = -381. Suppose 3*k - y = -75. Suppose -j + k = j. What is the units digit of j?
4
Suppose -5*v - 62 = -12. Let n(q) = -q**3 - 10*q**2 + 12. Let w be n(v). Suppose 0 = -4*i + 100 - w. What is the tens digit of i?
2
Let v(s) = s**3 - 39*s**2 - 38*s + 2. What is the units digit of v(40)?
2
Let m(t) be the first derivative of t**4/4 - t**3/3 + t**2/2 + 3*t - 6. What is the units digit of m(0)?
3
Let d = -39 + 18. Let v = d + 5. What is the units digit of (v/(-12) + 2)*3?
0
Suppose t = 4*l + 9, -2*t + l + 10 = -8. Let k(q) = 15*q + 25. What is the hundreds digit of k(t)?
1
Suppose 9708 = 48*j - 42*j. What is the tens digit of j?
1
Let n(w) = w**3 + 3*w**2 - w - 4. Let j be n(-2). Suppose -330 = -5*x - 0*v + 4*v, -3*x + j*v + 196 = 0. What is the units digit of x?
2
Let l = -7 + 24. Suppose -21*b + 176 = -l*b. What is the units digit of b?
4
Suppose -2 = -a + 1. What is the units digit of (a + -5)/(6/(-195))?
5
Let j = -1044 + 2745. What is the tens digit of j?
0
Let n = 290 - 160. Suppose n = -q - 462. What is the units digit of q/(-24)*(-9)/(-6)?
7
Let o be (0 - 2)*2 + 18. Let g = 18 - o. Suppose 3*h + h = -4*m + 140, -g*h + 68 = 2*m. What is the units digit of m?
6
Suppose 8*g - 2239 - 19089 = 2*i, -2*g = -4*i - 5332. What is the hundreds digit of g?
6
What is the tens digit of 922*-3*8/(-24)?
2
Let f(a) = -a**3 - 14*a**2 + 12*a - 9. Suppose -c = -4*c - 45. What is the units digit of f(c)?
6
Let m = 3 - 6. Let k(p) = -4*p**3 + 2*p**2 + 8*p + 2. Let a(s) = 3*s**3 - s**2 - 5*s - 1. Let c(v) = -7*a(v) - 5*k(v). What is the tens digit of c(m)?
1
Let z(c) = -71*c**3 - c + 1. Let x(r) = r**2 - 7*r + 7. Let q be x(6). Let w be z(q). Let v = w + 109. What is the units digit of v?
8
Let s = 8 + -4. Suppose -l - 20 = -4*t, 6*l = -5*t + l + 50. Suppose -s*a = -t*a + 24. What is the units d